{"id":350,"date":"2016-02-15T13:24:50","date_gmt":"2016-02-15T13:24:50","guid":{"rendered":"http:\/\/www.provinciaguadalupe.com.br\/site\/?page_id=350"},"modified":"2016-03-08T12:28:32","modified_gmt":"2016-03-08T12:28:32","slug":"a-congregacao","status":"publish","type":"page","link":"https:\/\/www.provinciaguadalupe.com.br\/site\/a-congregacao\/","title":{"rendered":"A CONGREGA\u00c7\u00c3O"},"content":{"rendered":"<p><a href=\"http:\/\/www.provinciaguadalupe.com.br\/site\/wp-content\/uploads\/2016\/02\/Escudo.jpg\"><img loading=\"lazy\" decoding=\"async\" class=\" wp-image-428 aligncenter\" src=\"http:\/\/www.provinciaguadalupe.com.br\/site\/wp-content\/uploads\/2016\/02\/Escudo.jpg\" alt=\"Escudo\" width=\"255\" height=\"299\" srcset=\"https:\/\/www.provinciaguadalupe.com.br\/site\/wp-content\/uploads\/2016\/02\/Escudo.jpg 530w, https:\/\/www.provinciaguadalupe.com.br\/site\/wp-content\/uploads\/2016\/02\/Escudo-256x300.jpg 256w\" sizes=\"auto, (max-width: 255px) 100vw, 255px\" \/><\/a><\/p>\n<p style=\"text-align: justify;\">B\u00e1rbara Maix, fundadora da Congrega\u00e7\u00e3o das Irm\u00e3s do Imaculado Cora\u00e7\u00e3o de Maria, nasceu em Viena, na \u00c1ustria. Devido \u00e0 persegui\u00e7\u00e3o religiosa movida pela revolu\u00e7\u00e3o de 1848, B\u00e1rbara embarcou para o Brasil com mais 21 companheiras, chegando ao Rio de Janeiro depois de 57 dias de viagem.<\/p>\n<p style=\"text-align: justify;\">No dia 8 de maio de 1849, fundou a Congrega\u00e7\u00e3o das Irm\u00e3s do Imaculado Cora\u00e7\u00e3o de Maria, no Rio de Janeiro \u2013 RJ.<\/p>\n<p style=\"text-align: justify;\">A primeira semente de vida foi lan\u00e7ada no dia 08 de maio de 1843, em solo vienense. Enquanto o grupo de jovens realizava atividades manuais, B\u00e1rbara ia externando, \u00e0s suas companheiras, o desejo de fundar uma Congrega\u00e7\u00e3o de Irm\u00e3s para dedicar-se \u00e0 educa\u00e7\u00e3o de meninas e assist\u00eancia \u00e0s jovens desempregadas. Cultivando a f\u00e9 crist\u00e3 recebida da fam\u00edlia, freq\u00fcentava a Igreja Maria da Escada, Igreja dos pescadores, localizada \u00e0s margens do Rio Dan\u00fabio.<\/p>\n<p style=\"text-align: justify;\">A situa\u00e7\u00e3o s\u00f3cio-pol\u00edtico-cultural-religiosa de Viena e de toda a Europa era de tens\u00e3o e conflito pela difus\u00e3o das id\u00e9ias liberais, provindas da Revolu\u00e7\u00e3o Francesa. Em Viena, irrompe a revolu\u00e7\u00e3o Josefinista contr\u00e1ria \u00e0s Ordens Religiosas, que provoca a expuls\u00e3o de B\u00e1rbara e suas companheiras, as quais pretendiam estabelecer-se na Am\u00e9rica do Norte. Enquanto aguardavam, no Porto de Hamburgo, um navio que as transportasse para esse pa\u00eds, aportou um barco com destino ao Brasil. Entendeu B\u00e1rbara ser esta a Vontade de Deus: decidiu partir. Era dia 15 de setembro de 1848.<\/p>\n<p style=\"text-align: justify;\">Tendo presente este panorama, no qual foram implantadas as ra\u00edzes iniciais, a Congrega\u00e7\u00e3o das Irm\u00e3s do Imaculado Cora\u00e7\u00e3o de Maria foi fundada, oficialmente, no Brasil em 08 de maio de 1849, na cidade do Rio de Janeiro\/RJ.<\/p>\n<p style=\"text-align: justify;\">No Brasil, B\u00e1rbara encontrou um contexto de escravid\u00e3o. Aos poucos se fazia tamb\u00e9m sentir a nova ordem mundial que ia se estabelecendo: o capitalismo e o liberalismo, com o advento do operariado. A ind\u00fastria se acelerou e marcou a hist\u00f3ria como a era da industrializa\u00e7\u00e3o.<\/p>\n<p style=\"text-align: justify;\">Atualmente, precisamos redescobrir a miss\u00e3o que B\u00e1rbara nos legou, cultivar uma postura de fidelidade criativa ao Carisma fundacional \u2013 \u201cBusca cont\u00ednua da Vontade de Deus, caracterizada pelo seguimento radical a Jesus Cristo, que veio para cumprir os des\u00edgnios do Pai. Sup\u00f5e uma atitude de total e permanente disponibilidade aos apelos da Igreja em cada momento hist\u00f3rico\u201d. (Constitui\u00e7\u00f5es 1987)<\/p>\n<p style=\"text-align: justify;\">A miss\u00e3o da Vida Consagrada nasce no cora\u00e7\u00e3o da Trindade: no amor do Pai que nos torna filhas, no amor de Jesus que nos torna Irm\u00e3s e no Esp\u00edrito Santo que nos convoca \u00e0 comunh\u00e3o de vida com Deus e \u00e0 participa\u00e7\u00e3o fraterna na comunidade humana.<\/p>\n<p style=\"text-align: justify;\">Olhando \u00e0s Pessoas da Sant\u00edssima Trindade, especialmente Jesus, o revelador do Projeto do Pai por meio do Esp\u00edrito Santo, nossa miss\u00e3o \u00e9 o compromisso com a VIDA. Percebendo a realidade do povo, comprometemo-nos com os pobres, buscando resgatar e defender a dignidade da pessoa, promovendo-a em comunidade.<\/p>\n","protected":false},"excerpt":{"rendered":"<p>B\u00e1rbara Maix, fundadora da Congrega\u00e7\u00e3o das Irm\u00e3s do Imaculado Cora\u00e7\u00e3o de Maria, nasceu em Viena, na \u00c1ustria. Devido \u00e0 persegui\u00e7\u00e3o religiosa movida pela revolu\u00e7\u00e3o de 1848, B\u00e1rbara embarcou para o<\/p>\n","protected":false},"author":1,"featured_media":0,"parent":0,"menu_order":0,"comment_status":"open","ping_status":"open","template":"","meta":{"footnotes":""},"class_list":["post-350","page","type-page","status-publish","hentry"],"_links":{"self":[{"href":"https:\/\/www.provinciaguadalupe.com.br\/site\/wp-json\/wp\/v2\/pages\/350","targetHints":{"allow":["GET"]}}],"collection":[{"href":"https:\/\/www.provinciaguadalupe.com.br\/site\/wp-json\/wp\/v2\/pages"}],"about":[{"href":"https:\/\/www.provinciaguadalupe.com.br\/site\/wp-json\/wp\/v2\/types\/page"}],"author":[{"embeddable":true,"href":"https:\/\/www.provinciaguadalupe.com.br\/site\/wp-json\/wp\/v2\/users\/1"}],"replies":[{"embeddable":true,"href":"https:\/\/www.provinciaguadalupe.com.br\/site\/wp-json\/wp\/v2\/comments?post=350"}],"version-history":[{"count":3,"href":"https:\/\/www.provinciaguadalupe.com.br\/site\/wp-json\/wp\/v2\/pages\/350\/revisions"}],"predecessor-version":[{"id":429,"href":"https:\/\/www.provinciaguadalupe.com.br\/site\/wp-json\/wp\/v2\/pages\/350\/revisions\/429"}],"wp:attachment":[{"href":"https:\/\/www.provinciaguadalupe.com.br\/site\/wp-json\/wp\/v2\/media?parent=350"}],"curies":[{"name":"wp","href":"https:\/\/api.w.org\/{rel}","templated":true}]}}

A CONGREGAÇÃO

<p><a href="http://www.provinciaguadalupe.com.br/site/wp-content/uploads/2016/02/Escudo.jpg"><img loading="lazy" decoding="async" class=" wp-image-428 aligncenter" src="http://www.provinciaguadalupe.com.br/site/wp-content/uploads/2016/02/Escudo.jpg" alt="Escudo" width="255" height="299" srcset="https://www.provinciaguadalupe.com.br/site/wp-content/uploads/2016/02/Escudo.jpg 530w, https://www.provinciaguadalupe.com.br/site/wp-content/uploads/2016/02/Escudo-256x300.jpg 256w" sizes="auto, (max-width: 255px) 100vw, 255px" /></a></p>
<p style="text-align: justify;">Bárbara Maix, fundadora da Congregação das Irmãs do Imaculado Coração de Maria, nasceu em Viena, na Áustria. Devido à perseguição religiosa movida pela revolução de 1848, Bárbara embarcou para o Brasil com mais 21 companheiras, chegando ao Rio de Janeiro depois de 57 dias de viagem.</p>
<p style="text-align: justify;">No dia 8 de maio de 1849, fundou a Congregação das Irmãs do Imaculado Coração de Maria, no Rio de Janeiro – RJ.</p>
<p style="text-align: justify;">A primeira semente de vida foi lançada no dia 08 de maio de 1843, em solo vienense. Enquanto o grupo de jovens realizava atividades manuais, Bárbara ia externando, às suas companheiras, o desejo de fundar uma Congregação de Irmãs para dedicar-se à educação de meninas e assistência às jovens desempregadas. Cultivando a fé cristã recebida da família, freqüentava a Igreja Maria da Escada, Igreja dos pescadores, localizada às margens do Rio Danúbio.</p>
<p style="text-align: justify;">A situação sócio-político-cultural-religiosa de Viena e de toda a Europa era de tensão e conflito pela difusão das idéias liberais, provindas da Revolução Francesa. Em Viena, irrompe a revolução Josefinista contrária às Ordens Religiosas, que provoca a expulsão de Bárbara e suas companheiras, as quais pretendiam estabelecer-se na América do Norte. Enquanto aguardavam, no Porto de Hamburgo, um navio que as transportasse para esse país, aportou um barco com destino ao Brasil. Entendeu Bárbara ser esta a Vontade de Deus: decidiu partir. Era dia 15 de setembro de 1848.</p>
<p style="text-align: justify;">Tendo presente este panorama, no qual foram implantadas as raízes iniciais, a Congregação das Irmãs do Imaculado Coração de Maria foi fundada, oficialmente, no Brasil em 08 de maio de 1849, na cidade do Rio de Janeiro/RJ.</p>
<p style="text-align: justify;">No Brasil, Bárbara encontrou um contexto de escravidão. Aos poucos se fazia também sentir a nova ordem mundial que ia se estabelecendo: o capitalismo e o liberalismo, com o advento do operariado. A indústria se acelerou e marcou a história como a era da industrialização.</p>
<p style="text-align: justify;">Atualmente, precisamos redescobrir a missão que Bárbara nos legou, cultivar uma postura de fidelidade criativa ao Carisma fundacional – “Busca contínua da Vontade de Deus, caracterizada pelo seguimento radical a Jesus Cristo, que veio para cumprir os desígnios do Pai. Supõe uma atitude de total e permanente disponibilidade aos apelos da Igreja em cada momento histórico”. (Constituições 1987)</p>
<p style="text-align: justify;">A missão da Vida Consagrada nasce no coração da Trindade: no amor do Pai que nos torna filhas, no amor de Jesus que nos torna Irmãs e no Espírito Santo que nos convoca à comunhão de vida com Deus e à participação fraterna na comunidade humana.</p>
<p style="text-align: justify;">Olhando às Pessoas da Santíssima Trindade, especialmente Jesus, o revelador do Projeto do Pai por meio do Espírito Santo, nossa missão é o compromisso com a VIDA. Percebendo a realidade do povo, comprometemo-nos com os pobres, buscando resgatar e defender a dignidade da pessoa, promovendo-a em comunidade.</p>

<p>Bárbara Maix, fundadora da Congregação das Irmãs do Imaculado Coração de Maria, nasceu em Viena, na Áustria. Devido à perseguição religiosa movida pela revolução de 1848, Bárbara embarcou para o</p>
