{"id":346,"date":"2016-02-15T13:22:47","date_gmt":"2016-02-15T13:22:47","guid":{"rendered":"http:\/\/www.provinciaguadalupe.com.br\/site\/?page_id=346"},"modified":"2016-03-08T12:14:21","modified_gmt":"2016-03-08T12:14:21","slug":"a-provincia","status":"publish","type":"page","link":"https:\/\/www.provinciaguadalupe.com.br\/site\/a-provincia\/","title":{"rendered":"A PROV\u00cdNCIA"},"content":{"rendered":"<div id=\"attachment_412\" style=\"width: 810px\" class=\"wp-caption aligncenter\"><a href=\"http:\/\/www.provinciaguadalupe.com.br\/site\/wp-content\/uploads\/2016\/02\/Capitulo-de-funda\u00e7\u00e3o-da-Prov\u00edncia-ICM-de-Guadalupe.jpg\"><img loading=\"lazy\" decoding=\"async\" aria-describedby=\"caption-attachment-412\" class=\"wp-image-412\" src=\"http:\/\/www.provinciaguadalupe.com.br\/site\/wp-content\/uploads\/2016\/02\/Capitulo-de-funda\u00e7\u00e3o-da-Prov\u00edncia-ICM-de-Guadalupe-1024x670.jpg\" alt=\"Capitulo de funda\u00e7\u00e3o da Prov\u00edncia ICM de Guadalupe\" width=\"800\" height=\"524\" srcset=\"https:\/\/www.provinciaguadalupe.com.br\/site\/wp-content\/uploads\/2016\/02\/Capitulo-de-funda\u00e7\u00e3o-da-Prov\u00edncia-ICM-de-Guadalupe-1024x670.jpg 1024w, https:\/\/www.provinciaguadalupe.com.br\/site\/wp-content\/uploads\/2016\/02\/Capitulo-de-funda\u00e7\u00e3o-da-Prov\u00edncia-ICM-de-Guadalupe-300x196.jpg 300w, https:\/\/www.provinciaguadalupe.com.br\/site\/wp-content\/uploads\/2016\/02\/Capitulo-de-funda\u00e7\u00e3o-da-Prov\u00edncia-ICM-de-Guadalupe.jpg 2048w\" sizes=\"auto, (max-width: 800px) 100vw, 800px\" \/><\/a><p id=\"caption-attachment-412\" class=\"wp-caption-text\">Irm\u00e3s que participaram do Cap\u00edtulo de funda\u00e7\u00e3o da Prov\u00edncia Guadalupe, em 2014<\/p><\/div>\n<p style=\"text-align: center;\"><strong>IRM\u00c3S DO IMACULADO CORA\u00c7\u00c3O DE MARIA <\/strong><br \/>\n<span style=\"color: #800080;\"><em><strong>Prov\u00edncia Nossa Senhora de Guadalupe<\/strong><\/em><\/span><\/p>\n<p style=\"text-align: justify;\">Somos a <a href=\"http:\/\/www.icm-sec.org.br\"><strong>Congrega\u00e7\u00e3o das Irm\u00e3s do Imaculado Cora\u00e7\u00e3o de Maria<\/strong><\/a>, fundada pela <strong>Bem-Aventurada\u00a0B\u00e1rbara Maix<\/strong>, em 8 de maio de 1849 e, reconhecida de Direito pontif\u00edcio, em 24 de mar\u00e7o de 1947. Tem sua Sede Geral em Porto Alegre, Rio Grande do Sul.<\/p>\n<p style=\"text-align: justify;\">Hoje, marcamos presen\u00e7a evangelizadora no Brasil, Bol\u00edvia, Venezuela, Haiti, Paraguai, Argentina, It\u00e1lia e Mo\u00e7ambique.<\/p>\n<p style=\"text-align: justify;\">Em fidelidade \u00e0s exig\u00eancias carism\u00e1ticas e apelos de Deus assumimos responsabilidades nas seguintes \u00e1reas: Educa\u00e7\u00e3o, Assist\u00eancia Social e A\u00e7\u00e3o Mission\u00e1ria.<\/p>\n<p style=\"text-align: justify;\">A Congrega\u00e7\u00e3o das Irm\u00e3s do Imaculado Cora\u00e7\u00e3o de Maria, segundo a Fundadora B\u00e1rbara Maix, nasce do cora\u00e7\u00e3o da Trindade. Ela diz em uma de suas cartas:<em> A SS. Trindade iniciou a Obra da funda\u00e7\u00e3o e h\u00e1 de complet\u00e1-la. E, porque \u00e9 de Deus e n\u00e3o minha, n\u00e3o importa nada se Ele deixa que tudo seja, aparentemente aniquilado, porque, em sua onipot\u00eancia, com um s\u00f3 aceno a reerguer\u00e1.<\/em><\/p>\n<p style=\"text-align: justify;\">Comprometida com a hist\u00f3ria, a Congrega\u00e7\u00e3o do Imaculado Cora\u00e7\u00e3o de Maria, continua sua miss\u00e3o, atenta \u00e0s necessidades urgentes do povo, ouvindo os apelos de Deus nos dias de hoje.<\/p>\n<p><strong>Miss\u00e3o:<\/strong><\/p>\n<p>\u00c9 miss\u00e3o da Irm\u00e3 do ICM, seguir Jesus ao modo de vida dos crist\u00e3os dos tr\u00eas primeiros s\u00e9culos, vivenciando a\u00e7\u00f5es concretas na defesa e promo\u00e7\u00e3o da Vida, em fidelidade ao Reino de Deus e sua justi\u00e7a, avan\u00e7ando para outras margens da sociedade, junto aqueles e aquelas que carecem de nossa aten\u00e7\u00e3o, de nosso comprometimento social, humano e fraterno. Nossa a\u00e7\u00e3o se concretiza atrav\u00e9s da inser\u00e7\u00e3o ativa e fecunda nos diversos espa\u00e7os, onde a vida clama por justi\u00e7a e dignidade.<\/p>\n<p>Defendemos as grandes causas da humanidade: a defesa da casa comum, do meio ambiente, dos direitos, da justi\u00e7a, da \u00e1gua, da terra, da sa\u00fade, da educa\u00e7\u00e3o, da solidariedade, da paz e da justi\u00e7a social, em busca de um mundo melhor, caminhando com o povo, vivendo de modo simples e anunciando a Boa Not\u00edcia do Reino de Deis.<\/p>\n<p>Nossa miss\u00e3o \u00e9 grande e por isso necessitamos de grandes virtudes, um cora\u00e7\u00e3o magn\u00e2nimo, grande f\u00e9, esperan\u00e7a e amor&#8230; (B\u00e1rbara Maix)<\/p>\n<p><strong>Carisma<\/strong>:<\/p>\n<p>O Carisma das Irm\u00e3s do ICM \u00e9 a \u201cBusca cont\u00ednua da Vontade de Deus, radicada no seguimento de Jesus Cristo, num compromisso efetivo com a causa dos pobres, conforme as Primeiras Comunidades Crist\u00e3s\u201d. Este se traduz no dia a dia da vida, em comunidades solid\u00e1rias, enviadas a testemunhar a justi\u00e7a e a profecia do Reino de Deus.<\/p>\n<p>A Prov\u00edncia Nossa Senhora de Guadalupe al\u00e9m do Brasil, marca presen\u00e7a em 03 pa\u00edses do Exterior: Bol\u00edvia, Venezuela e Haiti.<\/p>\n<p>No Brasil estamos presentes em onze (11) Estados: Paran\u00e1, S\u00e3o Paulo, Rio de Janeiro, Goi\u00e1s, Tocantins, Para\u00edba, Maranh\u00e3o, Amazonas, Rio Grande do Norte, Piau\u00ed, Cear\u00e1 e no Distrito Federal.<\/p>\n<p>Somos 151 Irm\u00e3s em 34 Comunidades<br \/>\n148 &#8211; Irm\u00e3s com Profiss\u00e3o Perp\u00e9tua<br \/>\n03 &#8211; Irm\u00e3s de Votos Tempor\u00e1rios<br \/>\n01 &#8211; Novi\u00e7a<br \/>\n03 &#8211; Pr\u00e9-Postulantes<br \/>\n01 &#8211; Aspirante no Brasil<br \/>\n02 &#8211; Aspirantes no Haiti<br \/>\nAspirantes e Vocacionadas Externas: 20 no Brasil<br \/>\nAspirantes Externas: 15 no Haiti.<\/p>\n","protected":false},"excerpt":{"rendered":"<p>IRM\u00c3S DO IMACULADO CORA\u00c7\u00c3O DE MARIA Prov\u00edncia Nossa Senhora de Guadalupe Somos a Congrega\u00e7\u00e3o das Irm\u00e3s do Imaculado Cora\u00e7\u00e3o de Maria, fundada pela Bem-Aventurada\u00a0B\u00e1rbara Maix, em 8 de maio de<\/p>\n","protected":false},"author":1,"featured_media":0,"parent":0,"menu_order":0,"comment_status":"open","ping_status":"open","template":"","meta":{"footnotes":""},"class_list":["post-346","page","type-page","status-publish","hentry"],"_links":{"self":[{"href":"https:\/\/www.provinciaguadalupe.com.br\/site\/wp-json\/wp\/v2\/pages\/346","targetHints":{"allow":["GET"]}}],"collection":[{"href":"https:\/\/www.provinciaguadalupe.com.br\/site\/wp-json\/wp\/v2\/pages"}],"about":[{"href":"https:\/\/www.provinciaguadalupe.com.br\/site\/wp-json\/wp\/v2\/types\/page"}],"author":[{"embeddable":true,"href":"https:\/\/www.provinciaguadalupe.com.br\/site\/wp-json\/wp\/v2\/users\/1"}],"replies":[{"embeddable":true,"href":"https:\/\/www.provinciaguadalupe.com.br\/site\/wp-json\/wp\/v2\/comments?post=346"}],"version-history":[{"count":9,"href":"https:\/\/www.provinciaguadalupe.com.br\/site\/wp-json\/wp\/v2\/pages\/346\/revisions"}],"predecessor-version":[{"id":420,"href":"https:\/\/www.provinciaguadalupe.com.br\/site\/wp-json\/wp\/v2\/pages\/346\/revisions\/420"}],"wp:attachment":[{"href":"https:\/\/www.provinciaguadalupe.com.br\/site\/wp-json\/wp\/v2\/media?parent=346"}],"curies":[{"name":"wp","href":"https:\/\/api.w.org\/{rel}","templated":true}]}}

A PROVÍNCIA

<div id="attachment_412" style="width: 810px" class="wp-caption aligncenter"><a href="http://www.provinciaguadalupe.com.br/site/wp-content/uploads/2016/02/Capitulo-de-fundação-da-Província-ICM-de-Guadalupe.jpg"><img loading="lazy" decoding="async" aria-describedby="caption-attachment-412" class="wp-image-412" src="http://www.provinciaguadalupe.com.br/site/wp-content/uploads/2016/02/Capitulo-de-fundação-da-Província-ICM-de-Guadalupe-1024x670.jpg" alt="Capitulo de fundação da Província ICM de Guadalupe" width="800" height="524" srcset="https://www.provinciaguadalupe.com.br/site/wp-content/uploads/2016/02/Capitulo-de-fundação-da-Província-ICM-de-Guadalupe-1024x670.jpg 1024w, https://www.provinciaguadalupe.com.br/site/wp-content/uploads/2016/02/Capitulo-de-fundação-da-Província-ICM-de-Guadalupe-300x196.jpg 300w, https://www.provinciaguadalupe.com.br/site/wp-content/uploads/2016/02/Capitulo-de-fundação-da-Província-ICM-de-Guadalupe.jpg 2048w" sizes="auto, (max-width: 800px) 100vw, 800px" /></a><p id="caption-attachment-412" class="wp-caption-text">Irmãs que participaram do Capítulo de fundação da Província Guadalupe, em 2014</p></div>
<p style="text-align: center;"><strong>IRMÃS DO IMACULADO CORAÇÃO DE MARIA </strong><br />
<span style="color: #800080;"><em><strong>Província Nossa Senhora de Guadalupe</strong></em></span></p>
<p style="text-align: justify;">Somos a <a href="http://www.icm-sec.org.br"><strong>Congregação das Irmãs do Imaculado Coração de Maria</strong></a>, fundada pela <strong>Bem-Aventurada Bárbara Maix</strong>, em 8 de maio de 1849 e, reconhecida de Direito pontifício, em 24 de março de 1947. Tem sua Sede Geral em Porto Alegre, Rio Grande do Sul.</p>
<p style="text-align: justify;">Hoje, marcamos presença evangelizadora no Brasil, Bolívia, Venezuela, Haiti, Paraguai, Argentina, Itália e Moçambique.</p>
<p style="text-align: justify;">Em fidelidade às exigências carismáticas e apelos de Deus assumimos responsabilidades nas seguintes áreas: Educação, Assistência Social e Ação Missionária.</p>
<p style="text-align: justify;">A Congregação das Irmãs do Imaculado Coração de Maria, segundo a Fundadora Bárbara Maix, nasce do coração da Trindade. Ela diz em uma de suas cartas:<em> A SS. Trindade iniciou a Obra da fundação e há de completá-la. E, porque é de Deus e não minha, não importa nada se Ele deixa que tudo seja, aparentemente aniquilado, porque, em sua onipotência, com um só aceno a reerguerá.</em></p>
<p style="text-align: justify;">Comprometida com a história, a Congregação do Imaculado Coração de Maria, continua sua missão, atenta às necessidades urgentes do povo, ouvindo os apelos de Deus nos dias de hoje.</p>
<p><strong>Missão:</strong></p>
<p>É missão da Irmã do ICM, seguir Jesus ao modo de vida dos cristãos dos três primeiros séculos, vivenciando ações concretas na defesa e promoção da Vida, em fidelidade ao Reino de Deus e sua justiça, avançando para outras margens da sociedade, junto aqueles e aquelas que carecem de nossa atenção, de nosso comprometimento social, humano e fraterno. Nossa ação se concretiza através da inserção ativa e fecunda nos diversos espaços, onde a vida clama por justiça e dignidade.</p>
<p>Defendemos as grandes causas da humanidade: a defesa da casa comum, do meio ambiente, dos direitos, da justiça, da água, da terra, da saúde, da educação, da solidariedade, da paz e da justiça social, em busca de um mundo melhor, caminhando com o povo, vivendo de modo simples e anunciando a Boa Notícia do Reino de Deis.</p>
<p>Nossa missão é grande e por isso necessitamos de grandes virtudes, um coração magnânimo, grande fé, esperança e amor&#8230; (Bárbara Maix)</p>
<p><strong>Carisma</strong>:</p>
<p>O Carisma das Irmãs do ICM é a “Busca contínua da Vontade de Deus, radicada no seguimento de Jesus Cristo, num compromisso efetivo com a causa dos pobres, conforme as Primeiras Comunidades Cristãs”. Este se traduz no dia a dia da vida, em comunidades solidárias, enviadas a testemunhar a justiça e a profecia do Reino de Deus.</p>
<p>A Província Nossa Senhora de Guadalupe além do Brasil, marca presença em 03 países do Exterior: Bolívia, Venezuela e Haiti.</p>
<p>No Brasil estamos presentes em onze (11) Estados: Paraná, São Paulo, Rio de Janeiro, Goiás, Tocantins, Paraíba, Maranhão, Amazonas, Rio Grande do Norte, Piauí, Ceará e no Distrito Federal.</p>
<p>Somos 151 Irmãs em 34 Comunidades<br />
148 &#8211; Irmãs com Profissão Perpétua<br />
03 &#8211; Irmãs de Votos Temporários<br />
01 &#8211; Noviça<br />
03 &#8211; Pré-Postulantes<br />
01 &#8211; Aspirante no Brasil<br />
02 &#8211; Aspirantes no Haiti<br />
Aspirantes e Vocacionadas Externas: 20 no Brasil<br />
Aspirantes Externas: 15 no Haiti.</p>

<p>IRMÃS DO IMACULADO CORAÇÃO DE MARIA Província Nossa Senhora de Guadalupe Somos a Congregação das Irmãs do Imaculado Coração de Maria, fundada pela Bem-Aventurada Bárbara Maix, em 8 de maio de</p>
